e 13, what is 3 + -a4?
-a1
In base 13, what is -7 + 6?
-1
In base 12, what is 834 - -a?
842
In base 2, what is 101101011 - 10001?
101011010
In base 16, what is -11d9 + -7?
-11e0
In base 5, what is 14 - -341?
410
In base 3, what is -10 + -11021020?
-11021100
In base 10, what is 36 - 2?
34
In base 2, what is -100010101 + 1?
-100010100
In base 9, what is -28207 + 4?
-28203
In base 16, what is 65 + -4?
61
In base 5, what is -3111 + 133?
-2423
In base 16, what is -1 + 2a3?
2a2
In base 4, what is -1201 + -1012?
-2213
In base 4, what is -10010 + 20?
-3330
In base 7, what is -5533 - 6?
-5542
In base 10, what is -6 + -7?
-13
In base 3, what is 102 + 1020120?
1020222
In base 2, what is 10 + -110?
-100
In base 16, what is -36 - -4?
-32
In base 2, what is -1001 + -10110?
-11111
In base 2, what is 11 - -11010111?
11011010
In base 4, what is 1222 - -10?
1232
In base 4, what is -3 - 32231?
-32300
In base 13, what is 1 + 52?
53
In base 16, what is -3 - 12e?
-131
In base 2, what is 111 + -101001100?
-101000101
In base 16, what is -2 + -c98?
-c9a
In base 15, what is 9ee - -5?
a04
In base 6, what is 20 - -5?
25
In base 12, what is 1b - -13?
32
In base 13, what is -a16 - 4?
-a1a
In base 14, what is -27d - -26?
-257
In base 10, what is -6 + -165?
-171
In base 12, what is 12 + 61?
73
In base 2, what is 100 - 1011110?
-1011010
In base 12, what is -20 - -42?
22
In base 6, what is -2 + 5?
3
In base 11, what is 52 + -16?
37
In base 4, what is 200 - 100?
100
In base 4, what is -11 + -1020201?
-1020212
In base 16, what is -2 + -bf4?
-bf6
In base 10, what is -1 + -73?
-74
In base 15, what is 17c - 1?
17b
In base 7, what is -5 - -1031?
1023
In base 4, what is 10 + -320?
-310
In base 8, what is -253 + -22?
-275
In base 5, what is -103042 - -3?
-103034
In base 14, what is 11138 + -1?
11137
In base 7, what is -3 - 144?
-150
In base 5, what is -10 - 3044?
-3104
In base 5, what is -3 + -112?
-120
In base 9, what is 1460 + 1?
1461
In base 6, what is -305 - -44?
-221
In base 14, what is b59 + -5?
b54
In base 6, what is -5 + 3250?
3241
In base 2, what is -110101010 - -1?
-110101001
In base 14, what is -2 + 12b8?
12b6
In base 7, what is 16330 + 1?
16331
In base 10, what is 0 - 67?
-67
In base 12, what is -18a + -4?
-192
In base 8, what is 3 - 2031?
-2026
In base 3, what is 120102 - 11?
120021
In base 14, what is 3 - -d?
12
In base 3, what is 10 + -1101?
-1021
In base 13, what is c1 + 4?
c5
In base 2, what is -1000 - 111111?
-1000111
In base 2, what is -101010000 - -1010?
-101000110
In base 7, what is 330 - 1?
326
In base 7, what is 325 - 1?
324
In base 3, what is 100 - -2201?
10001
In base 15, what is 3 + -92?
-8e
In base 13, what is -304 + -1?
-305
In base 3, what is 1012222 + -11?
1012211
In base 9, what is 627 + -3?
624
In base 11, what is -6 - 51?
-57
In base 14, what is 483 + -5?
47c
In base 6, what is 23425 + -1?
23424
In base 6, what is 0 + -155?
-155
In base 5, what is -3 + -313?
-321
In base 2, what is 10001110110101 - 100?
10001110110001
In base 11, what is 41 - 18?
24
In base 6, what is 5 + -2033?
-2024
In base 10, what is -3 + 42?
39
In base 3, what is -1202 - -20?
-1112
In base 12, what is 33a83 - -1?
33a84
In base 10, what is -2203 - 9?
-2212
In base 13, what is 4 - -24b?
252
In base 4, what is 22010 + 10?
22020
In base 11, what is 355 + -3?
352
In base 5, what is 14 - 110?
-41
In base 16, what is 3 + -16?
-13
In base 15, what is 5 - -533?
538
In base 9, what is 45 + 313?
358
In base 8, what is -3 - -255?
252
In base 9, what is 70 + -113?
-33
In base 13, what is -2 + 4cc?
4ca
In base 7, what is 1153 + 5?
1161
In base 15, what is 4 + e12?
e16
In base 10, what is 63 - -39?
102
In base 5, what is 24 + -112?
-33
In base 10, what is -2 + 77?
75
In base 14, what is 17 - c?
9
In base 3, what is -200 + 12012?
11112
In base 10, what is -416 - -5?
-411
In base 6, what is -14541 + 20?
-14521
In base 6, what is 4414 + -5?
4405
In base 15, what is -5 + 28?
23
In base 3, what is -2101210 + 2?
-2101201
In base 9, what is 2616 + 2?
2618
In base 4, what is 11310 - -110?
12020
In base 15, what is 33c7 - 2?
33c5
In base 5, what is 3101 - 2?
3044
In base 2, what is 10100010 + -101?
10011101
In base 12, what is -23 - 4?
-27
In base 6, what is 114 + 3?
121
In base 11, what is -3 - -9a?
97
In base 12, what is 5 + 3aa?
3b3
In base 4, what is -10 + -103321?
-103331
In base 13, what is -21 + -192?
-1b3
In base 8, what is -264 - 65?
-351
In base 12, what is -17 - -33?
18
In base 12, what is 7 - -353?
35a
In base 6, what is 30 + 22?
52
In base 8, what is 0 + 514?
514
In base 15, what is 6a9 - 3?
6a6
In base 4, what is 11 + 1321302?
1321313
In base 8, what is 516 - 0?
516
In base 6, what is 10304 - 5?
10255
In base 11, what is 2 - 124?
-122
In base 10, what is -4 + 1768?
1764
In base 2, what is 100 + -10111100?
-10111000
In base 11, what is 23 + -46?
-23
In base 12, what is -a + 63?
55
In base 2, what is -111010 + -1001111?
-10001001
In base 13, what is -2 - 4?
-6
In base 8, what is 1 + -775?
-774
In base 4, what is -1 - -233?
232
In base 4, what is 110211 - -3?
110220
In base 5, what is 3 - -202?
210
In base 8, what is 41 + -7?
32
In base 10, what is -12081 + 2?
-12079
In base 3, what is 1 - 121?
-120
In base 3, what is -201 + 211?
10
In base 13, what is 18 + b?
26
In base 14, what is 16 + -2a?
-14
In base 2, what is -10011100010 + -100?
-10011100110
In base 7, what is -4 - 25?
-32
In base 13, what is 13 + 75?
88
In base 9, what is -22 - -1468?
1446
In base 15, what is -28 - -58?
30
In base 9, what is -381 - -3?
-377
In base 9, what is 5 + 2635?
2641
In base 15, what is -cc - 1?
-cd
In base 12, what is -1b + -5?
-24
In base 15, what is 3e - -2?
41
In base 15, what is ed + 0?
ed
In base 8, what is -313 - 4?
-317
In base 7, what is -1143 - -23?
-1120
In base 13, what is 5119 + -5?
5114
In base 7, what is 3234 + 0?
3234
In base 13, what is 3 + -14?
-11
In base 13, what is -2 - 250?
-252
In base 13, what is -6 + 45?
3c
In base 7, what is 1 - -150?
151
In base 16, what is -2d3 - 2?
-2d5
In base 7, what is -11 + -1414?
-1425
In base 13, what is 23 + 39?
5c
In base 4, what is 11 + 10221?
10232
In base 10, what is 79 - 3?
76
In base 13, what is 170 + -10?
160
In base 6, what is 11 - 1111?
-1100
In base 8, what is -47 + 22?
-25
In base 9, what is -30773 - -1?
-30772
In base 8, what is 2 - -1443?
1445
In base 10, what is 5 + -71?
-66
In base 13, what is 1 + -2?
-1
In base 14, what is -d + 7b?
6c
In base 9, what is 1083 + -1?
1082
In base 7, what is -5 - -5?
0
In base 6, what is 4 - -525?
533
In base 8, what is 7303 + -5?
7276
In base 16, what is 68d + -4?
689
In base 16, what is 2efe - 5?
2ef9
In base 8, what is -4 - 331?
-335
In base 9, what is 4 + 45?
50
In base 10, what is 16 + 990?
1006
In base 3, what is -10202000 - -11?
-10201212
In base 4, what is -122 - -33?
-23
In base 14, what is 32 + -1?
31
In base 14, what is 39a - -9?
3a5
In base 2, what is -1 - 10101110101?
-10101110110
In base 3, what is 0 - 110110?
-110110
In base 10, what is 2868 - -5?
2873
In base 5, what is -20 + 120?
100
In base 3, what is -12211 + 0?
-12211
In base 2, what is 1001010 - -100?
1001110
In base 12, what is 4 + 158?
160
In base 7, what is -261 - 5?
-266
In base 6, what is 30 - 1520?
-1450
In base 10, what is 77 - -28?
105
In base 2, what is -1101111100 + -1000?
-1110000100
In base 15, what is -5 + -bb?
-c1
In base 10, what is 0 + 184?
184
In base 3, what is 1 + 1?
2
In base 4, what is -2333 + -3?
-3002
In base 5, what is 304 - 0?
304
In base 4, what is 10 + -11130?
-11120
In base 16, what is 1e87 - 2?
1e85
In base 2, what is 101 - 1110?
-1001
In base 13, what is 516 - 1?
515
In base 6, what is 451 + 3?
454
In base 3, what is 2121 - 21?
2100
In base 11, what is 8 + -1760?
-1753
In base 7, what is -255 - -4?
-251
In base 15, what is -7 + -1c?
-24
In base 11, what is -978 + -6?
-983
In base 12, what is -5 - -39?
34
In base 15, what is 11 + 2e?
40
In base 5, what is 3444 + -4?
3440
In base 5, what is -3 - 421?
-424
In base 5, what is 0 - 4202?
-4202
In base 9, what is 12 + 103?
115
In base 12, what is 65 - 8?
59
In base 12, what is 5 + 157?
160
In base 2, what is -110110 + -10011?
-1001001
In base 16, what is 2e - -37?
65
In base 13, what is -1c1 - -b?
-1b3
In base 12, what is 33 + 9?
40
In base 13, what is -278 + 1?
-277